Let x be w/(2*(-4)/(-16)). Suppose 3*f = x + 92. List the prime factors of f.
2, 23
Suppose -2*n + 4*f = -3*n + 342, -4*n + 5*f + 1347 = 0. What are the prime factors of n?
2, 13
List the prime factors of 30/(-4)*122430/(-525).
3, 11, 53
Suppose -3*c = -d + 626, 0 = c + 69 - 70. List the prime factors of d.
17, 37
Suppose -k = 14*k - 15915. What are the prime factors of k?
1061
Let f(l) = -l - 7. Let d(i) = -3*i - 21. Let w(q) = 2*d(q) - 7*f(q). Let z be w(-5). List the prime factors of (95/(-10))/(z/(-4)).
19
Let o = -149 + 319. What are the prime factors of o?
2, 5, 17
Let j(s) = 6*s**3 - s**2 + 2*s - 1. Let q be j(1). Suppose 6 = -2*v - 4*r + 148, -q = 3*r. Suppose 0 = 5*n - 8*n + v. List the prime factors of n.
5
Let b = 4461 - 2595. What are the prime factors of b?
2, 3, 311
Let m = 203 - 81. Let w = m - 34. Suppose -7*c + 5*c = -w. List the prime factors of c.
2, 11
Let h(l) = -14*l - 11. Let s(r) = -1. Let o(m) = h(m) - 2*s(m). Let k be o(-4). What are the prime factors of k*(-2)/(-4)*2?
47
List the prime factors of (-3)/33 - 27660/(-66).
419
Suppose 4*j = -105 + 505. Let g = j - 43. What are the prime factors of g?
3, 19
Let q be (-2 - 0) + 102 + (-2)/1. Suppose 101*g - q*g = 249. What are the prime factors of g?
83
Let x(a) = -a**3 + 5*a**2 + a + 4. Suppose q - 4*q = -12. List the prime factors of x(q).
2, 3
Let a = -117 + 269. Let b be a/57*6/8. What are the prime factors of -15 - -11 - (-16)/b?
2
What are the prime factors of -4*(-24)/16 - -601?
607
Suppose -4*j - r + 2*r + 1109 = 0, 2*j + r = 553. List the prime factors of j.
277
Let i = 7957 - 3126. List the prime factors of i.
4831
Suppose -2*o + 3*k + 458 = 0, 0*o + 2*o - 446 = -3*k. Let f = -144 + o. What are the prime factors of f?
2, 41
Let a be (-28)/(-154) + (-2946)/(-11). List the prime factors of a/5 - (-3)/((-15)/(-2)).
2, 3
Let t = 19 - 16. Suppose a = -t*k, 3*a = 2*k + a. Suppose k = -p + 6*p - 110. What are the prime factors of p?
2, 11
Let p(j) = j**3 + 15*j**2 - 2*j - 4. Let g be (-344)/(-10) - 12/30. Let k = g - 49. List the prime factors of p(k).
2, 13
Suppose -10 = -5*c - 4*w, -2*w = -0*c + 2*c - 4. Let y(n) = 35*n**3 - 3*n**2 + 1. What are the prime factors of y(c)?
269
Suppose 31*s = 76*s - 68940. List the prime factors of s.
2, 383
Suppose 4 = 3*f - 11. Suppose 0 = 4*o - f*w - 64, -3*o + 5*w - 62 = -5*o. Suppose 2*g = g + o. What are the prime factors of g?
3, 7
Suppose 5*j = 16 - 6. Suppose -81 = -j*b + 107. What are the prime factors of b?
2, 47
What are the prime factors of (8 + -14)*(-134)/4?
3, 67
Suppose 1250 = 5*h - 4*x, -6*h + 3*x = -5*h - 250. List the prime factors of h.
2, 5
Suppose -o + 10 = 4*o. Suppose 3*g = o*g + 4. Suppose 2*z - 126 = -g*a - 38, 0 = -4*a + 3*z + 108. What are the prime factors of a?
2, 3
What are the prime factors of (60786/45)/(65/(-25) - -3)?
11, 307
Let f be ((-2679)/(-76))/(6/(-16)). Let u = f + 159. List the prime factors of u.
5, 13
Let n(c) = 5 - 3*c**3 + 2*c - 3 - 13*c**2 + 2 + 2*c. What are the prime factors of n(-5)?
2, 17
Let y be 49 - (0/(-4))/3. Suppose 0 = 4*j + y + 23. What are the prime factors of j/4*16/(-6)?
2, 3
Let o(c) be the second derivative of c**5/20 - 5*c**4/4 + c**3/3 + 7*c**2 - 6*c. List the prime factors of o(15).
2, 11
Suppose 0 = 3*l + 108 - 1560. List the prime factors of l.
2, 11
Let w(z) = -7*z**3 - 2*z**2 + z + 2. Let j be w(-3). Suppose -3*d + d = -j. Let n = d + -34. List the prime factors of n.
3, 17
Suppose -2*j - 3*m = -0*m - 307, 0 = -j + 5*m + 147. Let u = j + -7. List the prime factors of u.
5, 29
Suppose -9*b - 5*b = -294. Let d(m) = m**2 - 17*m - 26. List the prime factors of d(b).
2, 29
Let y be 14*10 - (8/(-2) + 3). Suppose -4*u + 5 = -3. Suppose j - u*p = -j + 58, 5*j - p = y. List the prime factors of j.
2, 7
Suppose -5087*s + 5091*s = 1424. List the prime factors of s.
2, 89
Let y = -108 - -104. What are the prime factors of y/34 + 2433/17?
11, 13
Suppose -9*t + 95 - 14 = 0. List the prime factors of (7*-6)/((-6)/t).
3, 7
Let h = -3449 + 4946. Suppose 282 = -9*q + h. What are the prime factors of q?
3, 5
Let c(x) = 3*x**2 + 40*x - 94. What are the prime factors of c(-21)?
389
Suppose c - 3 + 0 = 0. Suppose 2*b - b - 91 = -t, c*b = -2*t + 182. List the prime factors of t.
7, 13
What are the prime factors of ((-586244)/565)/(4/(-10))?
2, 1297
What are the prime factors of (3066/(-4))/((-63)/84)?
2, 7, 73
Suppose 139 = 4*h - 53. Let k be (9/12)/(1/4). Suppose 30 = k*c - h. What are the prime factors of c?
2, 13
Let i = -82 + 84. What are the prime factors of (-5825)/(-50) + (-3)/i?
5, 23
Let u = -114 + -819. What are the prime factors of (-6)/4 + (0 - u/6)?
2, 7, 11
Let z(n) = -8*n**2 + 25*n + 11. Let o(q) = -4*q**2 + 13*q + 5. Let f(j) = -9*o(j) + 4*z(j). What are the prime factors of f(7)?
2, 19
Let r(i) = -13*i + 4. Let h(q) = q**2 + 15*q - 23. Let s be h(-16). What are the prime factors of r(s)?
5, 19
Let j(n) = n**2 - 3*n + 4. Let i be j(3). Suppose s = -3*z + 257, 3*s - 341 = -i*z - 0*s. List the prime factors of z.
2, 43
Suppose -16 = k - 5*g, -2*k + 4*g - 13 = -5. Let n be 44/(-55)*(-30)/k. Suppose -c + n*c - 15 = 0. What are the prime factors of c?
3
Let g(l) = 9*l + 1. Let k(n) = n + 1. Let a(r) = 8*r + 3. Let u(m) = a(m) - 3*k(m). Let z(w) = 3*g(w) - 5*u(w). What are the prime factors of z(7)?
17
Let w(r) = 165*r + 221. What are the prime factors of w(12)?
31, 71
Suppose 190 = 2*o - 2*m, -5*o - 2*m = 2*m - 448. Let x = o + -54. List the prime factors of x.
2, 19
Let b(o) = o**3 + 18*o**2 - 21*o - 22. Let l be b(-19). What are the prime factors of (-8652)/(-49) + l/(-28)?
2, 11
Let z = -141 + 65. Let n = 0 - z. List the prime factors of n.
2, 19
Let w(k) = k**2 + 8*k + 3. Let y be w(-8). Suppose n - 74 = 5*g + y, -n + 73 = -4*g. List the prime factors of n.
3, 19
Let x(b) = 3*b**3 - 8*b**2 + 4*b + 4. Let z be x(5). Suppose z + 1 = 10*s. List the prime factors of s.
2, 5
Suppose 28*u - 2810 = 7718. List the prime factors of u.
2, 47
Let o = 19 + -23. What are the prime factors of (-1 + 8 - (-1 - o)) + 26?
2, 3, 5
Let s(y) = -y**3 + 27*y**2 - 12*y + 156. List the prime factors of s(25).
2, 7, 79
What are the prime factors of (-3 - -13)/((-7)/(-4585)*5)?
2, 5, 131
Suppose 5*c = 4*c + 3. Let u = 13 - c. What are the prime factors of u?
2, 5
Let l(f) = f**3 + 3*f**2 - 2*f + 4. Suppose -8 = -3*a + a. List the prime factors of l(a).
2, 3
Let o = -7 + 1. Let j(y) = 5*y**3 - 14*y**2 + 3*y + 9. Let t(i) = -3*i**3 + 7*i**2 - 2*i - 5. Let m(h) = -4*j(h) - 7*t(h). List the prime factors of m(o).
23
Let v = 29 + -28. What are the prime factors of -4 + (42 - v) + 4?
41
List the prime factors of (4442/10 - 3/15) + 2.
2, 223
Let p = 373 - 533. Let d be 14/63 + 2002/(-18). Let r = d - p. List the prime factors of r.
7
Suppose -4*y - 1296 = -2*t - 322, -3*t = -y - 1486. What are the prime factors of t?
7, 71
Suppose 2*j - 4 = -0. Suppose -63 - 249 = -j*w. What are the prime factors of w?
2, 3, 13
Suppose -23 = 5*t + 2. Let h(k) = k**2 + k + 5. Let x be h(t). Suppose 8 = 3*g - x. What are the prime factors of g?
11
Suppose -46*p - 8667 = -30425. What are the prime factors of p?
11, 43
Let n(k) = k**3 + 4*k**2 - 2*k - 8. Let p be n(-4). Suppose 3*o - x = 3*x + 44, p = -3*o - 3*x + 9. Let h = o - -21. What are the prime factors of h?
29
Let z = 39 + -7. Suppose 0 = -2*b - 2*j - z, 5*b = 2*j - j - 110. Let p = 62 + b. What are the prime factors of p?
41
Let q(i) = -2*i**3 + 4*i**2 + 2. Let u be q(3). Let o = 21 + u. Suppose -4*g + 43 = o*f, 7*g + 5*f = 4*g + 31. What are the prime factors of g?
2, 3
Let k(b) = 22*b**2 + 8*b + 9. Let f be k(-4). Let t = -173 + f. What are the prime factors of t?
2, 3, 13
Suppose 5*m = m - 48. List the prime factors of m*((-112)/(-12))/(-4).
2, 7
What are the prime factors of -12 - (2461 + -6)*-1?
7, 349
Let z(a) = 4*a**2 - 10*a - 15. Let x be z(-7). Let h = 468 - x. List the prime factors of h.
7, 31
Suppose 0*r = 8*r - 3168. List the prime factors of r.
2, 3, 11
Suppose 3*n + 3 = 4*n. Suppose -5*y + 5*m = -115, 5*y - m - n*m - 119 = 0. Let f = y + -20. What are the prime factors of f?
7
Let p = -19 - -24. Suppose -217 = -p*z - 77. What are the prime factors of z?
2, 7
Let h be (-2 - 1 - -24)*-5. Let b = h + 155. What are the prime factors of b?
2, 5
Let f 